when (-4*16/64)/(1*(-2)/156) is divided by 29?
20
Suppose 7*w - 3*w - 530 = r, 4*r - 8 = 0. Calculate the remainder when 1861 is divided by w.
132
Suppose 116 = 6*h - 497 - 35. Let w = 25 - 6. What is the remainder when h is divided by w?
13
Suppose -3*m + 12 = 0, 4*f - m = 5*f - 70. Suppose 25*b + 9135 = 60*b. What is the remainder when b is divided by f?
63
Let a(g) = 18*g**2 - 7*g + 4. Let h be a(3). Let u = -95 + h. Calculate the remainder when u is divided by 7.
1
Let q(g) = 2*g**3 + 28*g**2 + 10*g - 228. Calculate the remainder when q(-10) is divided by 41.
21
Suppose 0 = -2*k + 6, 0 = -5*s + 5*k + 10 + 40. Calculate the remainder when 78 is divided by s.
0
Let n(m) = -7*m**3 - 2*m**2 + 32*m + 134. What is the remainder when n(-4) is divided by 114?
80
Let c = 2435 + -1876. What is the remainder when c is divided by 169?
52
Let y(f) = 2*f**2 + 165*f + 1283. Calculate the remainder when y(-89) is divided by 53.
2
Let j = 139 - 9. Let z(s) = -s**2 + 21*s + 135. Calculate the remainder when j is divided by z(-4).
25
Let d(j) = 8*j**3 - 2*j**2 - j - 1. Let h(u) = -22*u**2 + 1. Let w be h(2). What is the remainder when d(2) is divided by (w/(-36) - 5/(-15))*4?
9
Suppose 4*j + 2856 = 4*r, -954*r + 959*r - 3605 = -2*j. Calculate the remainder when r is divided by 13.
4
Let g(v) = 4*v**2 - 10*v + 9. Let c be g(2). Suppose -c*w + 175 + 283 = 4*r, 3*w + 591 = 5*r. What is the remainder when r is divided by 20?
17
Calculate the remainder when (0 + 3600/(-5))/(57/(-38)) is divided by 17.
4
Suppose 4*m - 9 - 15 = 3*j, -m - 4*j + 6 = 0. Suppose 7*x - m*x - 15 = -4*k, -2*k - 10 = 0. What is the remainder when 64 is divided by x?
29
Let d(p) = p**2 + 12*p - 6. Let i be d(-12). What is the remainder when (-749)/(-3) - (-4)/i is divided by 63?
60
Suppose -2*a + 540 = 9*f - 7*f, 2*a = f - 279. Calculate the remainder when f is divided by 72.
57
Suppose -n + 276 = 11*n. Let l be (n/46)/((-2)/(-108)). Suppose -k + l = p, p + k - 25 = -k. What is the remainder when p is divided by 10?
9
Let j(r) = -2*r**2 - 160*r + 251. Calculate the remainder when j(-79) is divided by 30.
19
Let f(a) = -a**3 + 21*a**2 - 43*a + 2. What is the remainder when f(18) is divided by 73?
54
Suppose t + 2*z + 14 = 3*t, -3*z = 6. Suppose -t*q + 408 = -107. Let f = q + -50. Calculate the remainder when f is divided by 8.
5
Suppose 0 = 3*f + 6*s - 4*s - 12, -3*f = -2*s. Let r(q) = -q + 7*q - 2*q + 10*q**2 + f. What is the remainder when r(-3) is divided by 27?
26
Let m(b) = -2*b + 35. Suppose 82 = 5*g + 17. What is the remainder when 1/(3/6) + 48 is divided by m(g)?
5
Suppose -214*v - 163*v + 8804 = -315*v. Calculate the remainder when 666 is divided by v.
98
Suppose 4*b = 5*x - 22, -11 - 9 = -4*x + 4*b. Suppose -3*h + 230 = -x*d, 0*d + 2*d + 304 = 4*h. What is the remainder when h is divided by 19?
17
Suppose 0 = 4*q - 3*q - 2*w + 2, 12 = 4*w. Suppose 0 = -2*r - 5*g + 93, -591*g = -5*r - 588*g + 155. What is the remainder when r is divided by q?
2
Let m = -16 - -25. Suppose 154 = m*t + 19. Calculate the remainder when t is divided by 7.
1
Suppose 3481 = 23*a - 2450 + 1147. Calculate the remainder when 1247 is divided by a.
207
Suppose -14*x + 9558 = -2986. Calculate the remainder when x is divided by 9.
5
Suppose 3*u - 5*z = -133, 2*u + 4*z + 23 = -73. Let a = u + 34. Let i = 0 - a. Calculate the remainder when 21 is divided by i.
9
Let o = 553 + -473. Suppose 3*s + 2*s - o = 4*u, 3 = -s - 3*u. Calculate the remainder when 15 is divided by s.
3
Let z(w) = w**2 - 76*w + 14. Calculate the remainder when 675 is divided by z(78).
165
Suppose c = -33 + 93. Let f = 64 - c. Let r(j) = j**3 - 4*j**2 + 6*j. What is the remainder when 94 is divided by r(f)?
22
Let s = 21652 - 21574. What is the remainder when 89 is divided by s?
11
Let m be (-19 - 0/4)*4. Let j = 180 + m. Suppose 5*n + j = f, 3*f - 3*n = 133 + 167. Calculate the remainder when f is divided by 17.
14
What is the remainder when 922 is divided by (-6462)/(-378) - 17 - (-691)/21?
31
Let n(a) = 6*a**2 - 8*a. Let v be n(-6). Let k = 335 - v. Calculate the remainder when k is divided by 6.
5
Suppose -7*t + 0 = -14. Suppose 4*z - 130 = 3*o, 3*z - 66 - 32 = t*o. Suppose h - 2*q - q = 58, -3*h + 2*q = -195. What is the remainder when h is divided by z?
33
Suppose 0 = 2*f + 32*y - 33*y - 37, -2*y - 44 = -2*f. Calculate the remainder when 392 is divided by f.
2
Let n(a) = -24*a + 30. Let l(t) = t**3 - 8*t**2 + 16. Calculate the remainder when n(0) is divided by l(8).
14
Let x = -115 - -117. Suppose -12*g + 140 = -x*g. Suppose w = 11 + 14. Calculate the remainder when w is divided by g.
11
Let k = 24288 - 19407. Calculate the remainder when k is divided by 1220.
1
Suppose w + 11 = 3*s - 3, 4*s = 4*w + 8. Suppose -s*k + 40*k - 408 = 0. What is the remainder when 70 is divided by k?
10
Suppose t - 62 = -3*z, 0*t = t - 5*z - 86. Calculate the remainder when t is divided by 27.
17
Let x be (-6 + 150/24)*0. Suppose 8*o = -x*o + 464. Suppose 3*v - 60 = -0*v. Calculate the remainder when o is divided by v.
18
What is the remainder when (19*(-2)/8)/((-13)/2756) is divided by 9?
8
Suppose -2*x = -10, 0*j - 4*j + 411 = 3*x. Let s = -75 + j. Calculate the remainder when 115 is divided by s.
19
Let x = -53 - -152. Let j = 100 - x. Calculate the remainder when j/(36/980) + 2/(-9) is divided by 7.
6
What is the remainder when (312/(-546))/(14/(-52773)) is divided by 22?
20
Let r(d) be the second derivative of -d**3/6 + 6*d**2 + 78*d - 2. Let g(o) = 11*o + 2. What is the remainder when g(7) is divided by r(3)?
7
Let l = 0 + 1. Let w(c) = 16*c**3 - c**2 - 3*c + 3. Let h be w(l). Suppose b + 0*b = h. What is the remainder when 52 is divided by b?
7
Let f(y) = y**3 - y**2 - 3*y + 13. Let d(w) = w**3 - w**2 - 4*w + 13. Let b(u) = -4*d(u) + 6*f(u). Calculate the remainder when 181 is divided by b(0).
25
Suppose 182 = -204*x + 230*x. Calculate the remainder when 1007 is divided by x.
6
Let x = 31 + -19. What is the remainder when (-180)/120 - 393/(-6) is divided by x?
4
Let g = 1022 + 185. Calculate the remainder when g is divided by 110.
107
Suppose 0*a = a - 2*w - 1, 2*a + 5*w = 20. Suppose -v + z = -4*v - 79, v = z - 33. Let j = a - v. What is the remainder when j is divided by 19?
14
Let h = 2253 - 2196. What is the remainder when 2218 is divided by h?
52
Suppose -48 = -3*x + 3*z, 2*x + z = 6*x - 46. Let i = 92 - 69. What is the remainder when i is divided by x?
3
Calculate the remainder when (62559/144*4)/((-3)/(-4)) is divided by 29.
26
Suppose q = -2*s + 2107 + 5282, -2*s - 22175 = -3*q. Suppose -735 = -34*k + q. Calculate the remainder when k is divided by 48.
47
Let x(f) = -f**2 - 11*f - 24. Let h be x(-3). Suppose -2 + 656 = 3*l + 5*n, 2*n = h. Calculate the remainder when l is divided by 44.
42
Suppose -2*o - 5*u - 49 = -178, 4*o + u = 267. Let f(i) be the second derivative of 3*i**4/2 + 3*i. What is the remainder when o is divided by f(1)?
13
Suppose -68*j - 50 = -73*j. What is the remainder when ((-2635)/(-15) - (-4)/(-6)) + 4 is divided by j?
9
Let z = 20323 - 20281. What is the remainder when 1634 is divided by z?
38
Let n(j) = -6*j - 1. Calculate the remainder when 5787/89 - (-72)/(-3204) is divided by n(-3).
14
Let o(m) = 4*m**2 - 5*m - 6. Let a be o(8). Let h = a + -157. Calculate the remainder when h is divided by 21.
11
Let p be (-72)/42 - (-4)/(-14). Let r(o) = 159*o - 582. What is the remainder when r(4) is divided by 1 - (18/p - 1)?
10
Suppose -43*v + 54*v - 1006 - 1183 = 0. Calculate the remainder when v is divided by 67.
65
What is the remainder when 139 is divided by (8/20)/((-2)/(-140))?
27
Let a = -62 - -21. Let c = a + 41. Suppose 0 = b - q - 48, 4*b + q = -c*q + 202. What is the remainder when b is divided by 26?
24
Suppose -2*u - 3*u - g = -1230, -3*u = 2*g - 745. Let y = u - 195. Let z(p) = p**2 - 3*p + 1. What is the remainder when y is divided by z(-3)?
12
Let q = -10060 + 12125. Calculate the remainder when q is divided by 115.
110
Let h = 10455 - 9958. What is the remainder when h is divided by 225?
47
Let u(f) = -9*f + 41. Let r = 92 + -53. Calculate the remainder when u(-17) is divided by r.
38
Let a = -2185 - -2237. Calculate the remainder when a is divided by 30.
22
Let k(g) = -11 - 3*g + 2*g + 2*g. Let a be k(13). Su